{"id":34,"date":"2019-05-03T09:18:49","date_gmt":"2019-05-03T09:18:49","guid":{"rendered":"https:\/\/psicologorubiera.es\/sexologo-psicologo-madrid\/?page_id=34"},"modified":"2019-05-09T13:01:01","modified_gmt":"2019-05-09T13:01:01","slug":"depresion","status":"publish","type":"page","link":"https:\/\/psicologorubiera.es\/sexologo-psicologo-madrid\/servicio-psicologia\/depresion\/","title":{"rendered":"Depresi\u00f3n"},"content":{"rendered":"\t\t<div data-elementor-type=\"wp-post\" data-elementor-id=\"34\" class=\"elementor elementor-34\" data-elementor-settings=\"[]\">\n\t\t\t\t\t\t<div class=\"elementor-inner\">\n\t\t\t\t\t\t\t<div class=\"elementor-section-wrap\">\n\t\t\t\t\t\t\t<section class=\"elementor-section elementor-top-section elementor-element elementor-element-115e1029 elementor-section-boxed elementor-section-height-default elementor-section-height-default\" data-id=\"115e1029\" data-element_type=\"section\">\n\t\t\t\t\t\t<div class=\"elementor-container elementor-column-gap-default\">\n\t\t\t\t\t\t\t<div class=\"elementor-row\">\n\t\t\t\t\t<div class=\"elementor-column elementor-col-100 elementor-top-column elementor-element elementor-element-5f7a1f8d\" data-id=\"5f7a1f8d\" data-element_type=\"column\">\n\t\t\t<div class=\"elementor-column-wrap elementor-element-populated\">\n\t\t\t\t\t\t\t<div class=\"elementor-widget-wrap\">\n\t\t\t\t\t\t<div class=\"elementor-element elementor-element-7f230fc7 elementor-widget elementor-widget-text-editor\" data-id=\"7f230fc7\" data-element_type=\"widget\" data-widget_type=\"text-editor.default\">\n\t\t\t\t<div class=\"elementor-widget-container\">\n\t\t\t\t\t\t\t\t<div class=\"elementor-text-editor elementor-clearfix\">\n\t\t\t\t<p><!-- wp:paragraph --><\/p>\n<p>En la consulta es el problema que vemos con m\u00e1s frecuencia. La emoci\u00f3n depresiva cursa con tristeza, irritabilidad, sensaci\u00f3n de vac\u00edo y dificultad para sentir placer por las cosas que antes s\u00ed lo generaban. Tambi\u00e9n suele afectar a las ganas de realizar actividades, lo que se manifiesta en lentitud a la hora de emprenderlas. La atenci\u00f3n y la memoria se ven mermadas y aparecen bloqueos y dificultad para la concentraci\u00f3n.<\/p>\n<p><!-- \/wp:paragraph --><!-- wp:paragraph --><\/p>\n<p>Una de las causas de la depresi\u00f3n es el pensamiento constante y negativo acerca del mundo, del futuro y de uno mismo. Ello se traduce en pesimismo y desesperanza.<\/p>\n<p><!-- \/wp:paragraph --><!-- wp:image {\"id\":79} --><\/p>\n<figure class=\"wp-block-image\"><\/figure>\n<p><!-- \/wp:image --><!-- wp:paragraph --><!-- \/wp:paragraph --><\/p>\t\t\t\t\t<\/div>\n\t\t\t\t\t\t<\/div>\n\t\t\t\t<\/div>\n\t\t\t\t<div class=\"elementor-element elementor-element-9d3ca6b elementor-widget elementor-widget-image\" data-id=\"9d3ca6b\" data-element_type=\"widget\" data-widget_type=\"image.default\">\n\t\t\t\t<div class=\"elementor-widget-container\">\n\t\t\t\t\t\t\t\t<div class=\"elementor-image\">\n\t\t\t\t\t\t\t\t\t\t\t\t<img decoding=\"async\" width=\"400\" height=\"301\" src=\"https:\/\/psicologorubiera.es\/sexologo-psicologo-madrid\/wp-content\/uploads\/2019\/05\/depresion-problemas-psicologia-psicologo.jpg\" class=\"attachment-large size-large\" alt=\"\" loading=\"lazy\" \/>\t\t\t\t\t\t\t\t\t\t\t\t\t\t<\/div>\n\t\t\t\t\t\t<\/div>\n\t\t\t\t<\/div>\n\t\t\t\t<div class=\"elementor-element elementor-element-c67b01e elementor-widget elementor-widget-text-editor\" data-id=\"c67b01e\" data-element_type=\"widget\" data-widget_type=\"text-editor.default\">\n\t\t\t\t<div class=\"elementor-widget-container\">\n\t\t\t\t\t\t\t\t<div class=\"elementor-text-editor elementor-clearfix\">\n\t\t\t\t<p>Al cuerpo le pasa factura este estado: pueden producirse insomnio, ausencia de libido, dolores difusos y cambios en los h\u00e1bitos de alimentaci\u00f3n por exceso o falta de hambre. Cuando nos encontramos en tal estado, resulta m\u00e1s dif\u00edcil continuar con las tareas cotidianas, acad\u00e9micas o laborales. Adem\u00e1s, puede que no apetezca tanto quedar con la familia, las amistades o incluso estar con la pareja. Todo esto hace que cada vez haya menos placeres diarios y de esta manera la depresi\u00f3n avanza en intensidad y frecuencia.<\/p>\t\t\t\t\t<\/div>\n\t\t\t\t\t\t<\/div>\n\t\t\t\t<\/div>\n\t\t\t\t\t\t<\/div>\n\t\t\t\t\t<\/div>\n\t\t<\/div>\n\t\t\t\t\t\t\t\t<\/div>\n\t\t\t\t\t<\/div>\n\t\t<\/section>\n\t\t\t\t\t\t<\/div>\n\t\t\t\t\t\t<\/div>\n\t\t\t\t\t<\/div>\n\t\t","protected":false},"excerpt":{"rendered":"<p>En la consulta es el problema que vemos con m\u00e1s frecuencia. La emoci\u00f3n depresiva cursa con tristeza, irritabilidad, sensaci\u00f3n de vac\u00edo y dificultad para sentir placer por las cosas que antes s\u00ed lo generaban. Tambi\u00e9n suele afectar a las ganas de realizar actividades, lo que se manifiesta en lentitud a la hora de emprenderlas. La [&hellip;]<\/p>\n","protected":false},"author":1,"featured_media":0,"parent":9,"menu_order":0,"comment_status":"closed","ping_status":"closed","template":"","meta":[],"_links":{"self":[{"href":"https:\/\/psicologorubiera.es\/sexologo-psicologo-madrid\/wp-json\/wp\/v2\/pages\/34"}],"collection":[{"href":"https:\/\/psicologorubiera.es\/sexologo-psicologo-madrid\/wp-json\/wp\/v2\/pages"}],"about":[{"href":"https:\/\/psicologorubiera.es\/sexologo-psicologo-madrid\/wp-json\/wp\/v2\/types\/page"}],"author":[{"embeddable":true,"href":"https:\/\/psicologorubiera.es\/sexologo-psicologo-madrid\/wp-json\/wp\/v2\/users\/1"}],"replies":[{"embeddable":true,"href":"https:\/\/psicologorubiera.es\/sexologo-psicologo-madrid\/wp-json\/wp\/v2\/comments?post=34"}],"version-history":[{"count":0,"href":"https:\/\/psicologorubiera.es\/sexologo-psicologo-madrid\/wp-json\/wp\/v2\/pages\/34\/revisions"}],"up":[{"embeddable":true,"href":"https:\/\/psicologorubiera.es\/sexologo-psicologo-madrid\/wp-json\/wp\/v2\/pages\/9"}],"wp:attachment":[{"href":"https:\/\/psicologorubiera.es\/sexologo-psicologo-madrid\/wp-json\/wp\/v2\/media?parent=34"}],"curies":[{"name":"wp","href":"https:\/\/api.w.org\/{rel}","templated":true}]}}